 - 0*y. Let d = -454 - -468. What is the highest common factor of o and d?
14
Let p be 3/(-18) + (-388)/(-24). What is the greatest common factor of 8 and p?
8
Suppose h + 29 = -78. Let g = -23 - h. Calculate the greatest common divisor of g and 12.
12
Suppose -4*x + 108 = -40. Calculate the highest common divisor of x and 37.
37
Let m(i) = 5*i - 6. Let d be m(4). Let y(j) = -7*j - 7. Let q be y(-6). Calculate the greatest common divisor of d and q.
7
Let j(c) = 3*c + 7. Let y be j(3). What is the highest common factor of y and 2?
2
Let w be 3*1*130/10. Let x(f) = -13*f**3 + f**2 + f. Let y be x(-1). Calculate the greatest common factor of w and y.
13
Let q = -4 + 7. Suppose -2*p - 4*l + 230 = -2*l, q*l = -6. What is the highest common factor of p and 13?
13
Let b(n) = 8*n. Let f be b(3). Suppose 2*p - 3*d = f, 2*p = 3*p - 4*d - 12. Suppose -p = -5*g + 2*g. What is the highest common divisor of g and 10?
2
Let z(f) = 4*f + 1. Let u be z(-1). Let r = u - -1. Let x be ((-20)/12)/(r/12). Calculate the greatest common factor of 20 and x.
10
Suppose -4*l = 5*p + 889, p - 3*l + 168 = -6. Let v = 267 + p. Calculate the greatest common factor of v and 18.
18
Suppose -3*m + 15 = -3. Let p be (-79)/(-3) + 4/m. Calculate the greatest common divisor of 9 and p.
9
Let u(a) = -3 + 6 - a + 5. Let k be u(6). Suppose -k*j = -15 - 99. Calculate the greatest common factor of j and 19.
19
Let l(f) = -f**3 - 5*f**2 + 4*f + 9. Let i be l(-6). What is the greatest common factor of i and 21?
21
Let r = -1 - -3. Suppose -4*k - 2*i - r*i + 48 = 0, -4*i + 6 = k. Calculate the greatest common factor of 35 and k.
7
Let f be 6/(0 + -1 + 3). Let o(d) = -6*d - 4*d**3 + 3*d**f - 8 + 0*d**3 + 11*d**2. Let p be o(10). What is the highest common factor of p and 4?
4
Let o be 39/(-9) + (-1)/(-3). Let m = -3 - o. Let t(r) = 56*r. Let l be t(m). Calculate the greatest common divisor of l and 8.
8
Let n be (-6)/((6/(-4))/(-1)) + 12. What is the greatest common factor of 80 and n?
8
Let z(c) = -c**2 + 8*c - 4. Let b be z(6). Calculate the greatest common factor of b and 88.
8
Let a = 280 + -452. Let n be (-3)/5 + a/(-20). What is the greatest common divisor of n and 1?
1
Let d be 1636/6 - 5/(-15). Suppose 2*b - 3*b = -d. Let o = b + -188. Calculate the highest common divisor of 34 and o.
17
Let w(p) = -2*p - 4. Let a be (4/(-6))/((-4)/(-36)). Let i be w(a). What is the greatest common factor of 56 and i?
8
Let z = 202 - 153. What is the greatest common factor of z and 98?
49
Let r(z) = z**3 - 25*z**2 + 26*z - 42. Let q be r(24). Calculate the greatest common factor of 3 and q.
3
Let f(k) = 15*k**3 - 3*k - 1. Let h be f(3). Suppose -4*r = 3*l - 485 - 46, -3*r + h = -l. Calculate the highest common divisor of r and 12.
12
Suppose 48 = 9*i - 3*i. Calculate the highest common divisor of i and 128.
8
Let b be 2/2 + 3/(-3). Suppose -6 + b = -x. What is the greatest common factor of x and 30?
6
Let i be -6*((-208)/(-6))/4. Let t = -31 - i. What is the highest common divisor of 105 and t?
21
Let a = 74 + -42. Let q(r) = 2*r**2 - 3*r + 2. Let u be q(2). Let v = u - 0. Calculate the greatest common divisor of v and a.
4
Let x(m) = m - 7. Let n be x(0). Let k = n + 12. Calculate the highest common divisor of k and 15.
5
Let h be 40/(-3)*1*-3. Suppose 5*p - h = 3*p. Calculate the greatest common factor of p and 50.
10
Let g(d) = -2*d**2 + 4*d**2 - d + 2*d + 2*d. Let b be g(-3). Calculate the highest common factor of 9 and b.
9
Let j = 12 + -2. Suppose -2*g + 228 = 3*k + k, -3*k - 544 = -5*g. Calculate the greatest common factor of j and g.
10
Suppose -4*q + 2 = -6. Suppose q*r + 20 = 4*r. Calculate the greatest common factor of r and 70.
10
Let j be (-2)/(-3) - (-2)/6. Let y be ((-8)/6)/(2/(-6)). Suppose 0 = -f + j, 0*f - y*f + 220 = 3*g. What is the highest common factor of 8 and g?
8
Suppose 6 + 3 = -3*w. Let z be -5*4/6*w. Let f(k) = 2*k**2 + k - 1. Let b be f(3). What is the greatest common divisor of b and z?
10
Let o = 3608 + -1811. Let p = o - 1245. Let i be p/5 - 2/5. What is the highest common factor of 10 and i?
10
Suppose 0 = -2*v - 0*v + 8. Let w be 2/v - 76/(-8). Suppose -2*p + 62 - 2 = 0. What is the highest common divisor of p and w?
10
Let t = 26 + -13. Suppose 2*p + 3*p - 130 = 0. Calculate the highest common divisor of t and p.
13
Suppose -38 = -3*m - 2. What is the highest common divisor of m and 84?
12
Let m = 20 + -14. Let k be (-6)/9 - (-46)/m. Let q(g) = 16*g**2 + 2*g + 3. Let l be q(-2). Calculate the highest common factor of l and k.
7
Let z = 36 + -27. Let g = -8 - -14. What is the greatest common divisor of z and g?
3
Let l be (-2)/(-9) + (-52)/(-9). Let f be 24*(-1)/(-6)*126/28. What is the highest common divisor of l and f?
6
Suppose -3*b + 4*j = -29, 0 = -b + 3*b + 4*j - 6. Let m(v) = 3*v - 1. Let q be m(b). What is the highest common divisor of 50 and q?
10
Suppose -8 + 65 = -3*d. Let t = 12 + d. Let p = -1 - t. What is the greatest common factor of 15 and p?
3
Let v(c) = -6*c**2 - c. Let i be v(-1). Let q = -1 - i. Suppose -6*k + 3*k - 2*x = 3, 5*x + 11 = -q*k. Calculate the highest common factor of k and 9.
1
Suppose -3*p + 4 = -56. What is the greatest common factor of 50 and p?
10
Let q(i) = 5*i - 2. Let h be q(3). What is the greatest common factor of 65 and h?
13
Let r be (3 + 0)*(-1 + 2). Suppose -r*v - 2 = k - 8, 5*v = 2*k - 34. Suppose 2*p - 30 - k = 0. What is the highest common divisor of 14 and p?
7
Let r be -5*3/(3*-5). Calculate the highest common divisor of r and 2.
1
Let p = 17 + -5. Suppose 0*z = -5*z + 660. What is the greatest common divisor of p and z?
12
Let p = 4 + 7. Let s(i) = -i**2 - 8*i - 4. Let b be -4 - (0 - (0 - 1)). Let t be s(b). What is the greatest common divisor of p and t?
11
Suppose 2*m - 5*u - 57 - 10 = 0, -5*m - 4*u + 184 = 0. What is the highest common factor of 9 and m?
9
Let n = 220 + -192. What is the highest common divisor of 20 and n?
4
Let j = -2 + 6. Let k(q) = q**3 - 4*q**2 + 2*q + 2. Let t be k(j). What is the highest common divisor of t and 30?
10
Let v = -8 - -4. Let o = v - -5. Calculate the greatest common divisor of 5 and o.
1
Let g be (-3)/(-9) - 5/(-3). Suppose -2*u + s + 2 = 0, -u - 2*s = -3*u - g. What is the highest common factor of 27 and u?
3
Suppose 171 = 7*g - 53. Calculate the highest common divisor of 8 and g.
8
Let p be (-64)/112 + 1719/7. Calculate the greatest common divisor of p and 49.
49
Suppose 0 = 2*d - 4*z - 408, 10 = 4*z + 22. Let u be (3 - -1)*(0 + -2). Let a be (6/u)/(2/(-48)). What is the greatest common factor of d and a?
18
Suppose 14*m + 105 = 17*m. What is the highest common divisor of m and 7?
7
Let j(p) = -p**3 - 4*p**2 + 4*p - 5. Let h be j(-5). Suppose 88 = -2*a - h*a. Let d = a + 121. What is the highest common divisor of 7 and d?
7
Suppose -3*w = 4*b - 112, -2*b - 93 = -2*w - 23. Suppose 5*r - r - 304 = 0. Suppose 3*a + 4 - r = 0. What is the greatest common factor of a and w?
12
Let z = 14 + 26. Let t be (-3792)/z*10/(-3). Suppose -5*c + 150 = -5*l - 180, 0 = -5*c - 2*l + t. What is the greatest common divisor of c and 8?
8
Let u = 165 - 65. Let y be 12 + (-1)/((-1)/(-2)). Suppose 2*q + y = i, 4*i + q = -q + 40. What is the greatest common factor of u and i?
10
Suppose -11 = -3*w + 1. Calculate the greatest common factor of w and 6.
2
Let b(y) = 19*y**2 + 2*y - 1. Let g be (-6)/21 - 16/(-7). Let j(p) = p**2 - 1. Let h be j(g). Let o be b(h). What is the highest common factor of 16 and o?
16
Let p(q) be the third derivative of q**4/6 - 2*q**3 + 3*q**2. Let y be p(8). Suppose -l + 2 = -y. Calculate the highest common factor of 22 and l.
22
Suppose -33*m + 36*m = 21. Suppose 2*i + 35 = 7*i + k, -3*i + 21 = k. Calculate the greatest common divisor of m and i.
7
Suppose 6*f = f - 20. Let p = 6 - f. Let g(k) = 22*k**2 + 2. Let n be g(-2). Calculate the highest common divisor of n and p.
10
Suppose c + 3*c + 8 = 0. Let t = c + -3. Let g(q) = -q**2 - 6*q - 1. Let v be g(t). What is the greatest common factor of 6 and v?
2
Let y be (-24)/(-32)*(3 - -1). Suppose 18 = -4*r + 126. Calculate the greatest common factor of y and r.
3
Let a = 42 - 18. What is the greatest common divisor of a and 6?
6
Let y be (56/6)/((-2)/(-6)). Suppose -4*s = -9*s + 210. What is the greatest common diviso